{"id":72,"date":"2025-04-10T01:56:04","date_gmt":"2025-04-10T04:56:04","guid":{"rendered":"https:\/\/ideiasti.com\/?page_id=72"},"modified":"2025-04-10T01:56:05","modified_gmt":"2025-04-10T04:56:05","slug":"sobre","status":"publish","type":"page","link":"https:\/\/ideiasti.com\/index.php\/sobre\/","title":{"rendered":"Sobre"},"content":{"rendered":"\n<h2 class=\"wp-block-heading\">\ud83d\udc68\u200d\ud83d\udcbb Quem sou eu?<\/h2>\n\n\n\n<p>Sou <strong>Engenheiro de Qualidade de Software<\/strong>, atuando com foco em garantir a excel\u00eancia e a confiabilidade dos sistemas atrav\u00e9s de testes bem planejados e eficazes.<\/p>\n\n\n\n<p>Sou <strong>P\u00f3s-Graduado pela Escola Senac<\/strong> e <strong>Graduado em Sistemas de Informa\u00e7\u00e3o pela Uninove<\/strong>.<\/p>\n\n\n\n<hr class=\"wp-block-separator has-alpha-channel-opacity\"\/>\n\n\n\n<h2 class=\"wp-block-heading\">\u2699\ufe0f O que fa\u00e7o?<\/h2>\n\n\n\n<ul class=\"wp-block-list\">\n<li>Atuo com as metodologias <strong>\u00c1geis Scrum<\/strong> e <strong>Kanban<\/strong> no meu dia a dia<\/li>\n\n\n\n<li>Automatizo <strong>rotinas de testes<\/strong> para otimizar o fluxo de desenvolvimento<\/li>\n\n\n\n<li>Crio <strong>cen\u00e1rios de testes manuais e automatizados<\/strong> utilizando a abordagem <strong>BDD (Behavior Driven Development)<\/strong><\/li>\n<\/ul>\n\n\n\n<hr class=\"wp-block-separator has-alpha-channel-opacity\"\/>\n\n\n\n<h2 class=\"wp-block-heading\">\ud83d\ude80 Objetivo<\/h2>\n\n\n\n<p>Compartilhar conhecimento, boas pr\u00e1ticas e experi\u00eancias da \u00e1rea de qualidade de software para ajudar outros profissionais a evolu\u00edrem em suas jornadas.<\/p>\n","protected":false},"excerpt":{"rendered":"<p>\ud83d\udc68\u200d\ud83d\udcbb Quem sou eu? Sou Engenheiro de Qualidade de Software, atuando com foco em garantir a excel\u00eancia e a confiabilidade&hellip;<\/p>\n","protected":false},"author":1,"featured_media":0,"parent":0,"menu_order":0,"comment_status":"closed","ping_status":"closed","template":"","meta":{"footnotes":""},"class_list":["post-72","page","type-page","status-publish","hentry"],"_links":{"self":[{"href":"https:\/\/ideiasti.com\/index.php\/wp-json\/wp\/v2\/pages\/72","targetHints":{"allow":["GET"]}}],"collection":[{"href":"https:\/\/ideiasti.com\/index.php\/wp-json\/wp\/v2\/pages"}],"about":[{"href":"https:\/\/ideiasti.com\/index.php\/wp-json\/wp\/v2\/types\/page"}],"author":[{"embeddable":true,"href":"https:\/\/ideiasti.com\/index.php\/wp-json\/wp\/v2\/users\/1"}],"replies":[{"embeddable":true,"href":"https:\/\/ideiasti.com\/index.php\/wp-json\/wp\/v2\/comments?post=72"}],"version-history":[{"count":1,"href":"https:\/\/ideiasti.com\/index.php\/wp-json\/wp\/v2\/pages\/72\/revisions"}],"predecessor-version":[{"id":73,"href":"https:\/\/ideiasti.com\/index.php\/wp-json\/wp\/v2\/pages\/72\/revisions\/73"}],"wp:attachment":[{"href":"https:\/\/ideiasti.com\/index.php\/wp-json\/wp\/v2\/media?parent=72"}],"curies":[{"name":"wp","href":"https:\/\/api.w.org\/{rel}","templated":true}]}}